{"id":1559,"date":"2011-05-31T15:12:46","date_gmt":"2011-05-31T15:12:46","guid":{"rendered":"http:\/\/projekt.cms2.sclh.de\/?page_id=1559"},"modified":"2012-03-23T15:38:37","modified_gmt":"2012-03-23T15:38:37","slug":"wegbeschreibung","status":"publish","type":"page","link":"https:\/\/sclh.de\/?page_id=1559","title":{"rendered":"Wegbeschreibung"},"content":{"rendered":"<p><strong><span style=\"text-decoration: underline;\"><span style=\"color: #0000ff; font-family: Arial; font-size: large;\">Anfahrt mit der Stra\u00dfenbahn  (S1,S11) aus Richtung\u00a0Karlsruhe<\/span><\/span><\/strong><\/p>\n<p><span style=\"color: #0000ff; font-family: Arial; font-size: medium;\">Haltestelle &#8218;Linkenheim Rathaus&#8216;  aussteigen.<br \/>\nVon hier Richtung B\u00fcrgerhaus zum Gewerbegebiet &#8218;Gr\u00fcndel&#8216;, Fu\u00dfweg ca. 5  Minuten.<\/span><\/p>\n<p><a href=\"http:\/\/projekt.cms2.sclh.de\/wp-content\/uploads\/2011\/05\/Karte-Fussweg.gif\"><img loading=\"lazy\" decoding=\"async\" class=\"aligncenter size-full wp-image-1568\" title=\"Karte-Fussweg\" src=\"http:\/\/projekt.cms2.sclh.de\/wp-content\/uploads\/2011\/05\/Karte-Fussweg.gif\" alt=\"\" width=\"770\" height=\"500\" srcset=\"https:\/\/sclh.de\/wp-content\/uploads\/2011\/05\/Karte-Fussweg.gif 770w, https:\/\/sclh.de\/wp-content\/uploads\/2011\/05\/Karte-Fussweg-300x194.gif 300w\" sizes=\"auto, (max-width: 770px) 100vw, 770px\" \/><\/a><\/p>\n<p>&nbsp;<\/p>\n<p>&nbsp;<\/p>\n<p>&nbsp;<\/p>\n<p>&nbsp;<\/p>\n<p>&nbsp;<\/p>\n<p>&nbsp;<\/p>\n<p><strong><span style=\"text-decoration: underline;\"><span style=\"color: #0000ff; font-family: Arial; font-size: large;\">Anfahrt aus Richtung\u00a0 Norden (A5)<\/span><\/span><\/strong><\/p>\n<p><span style=\"color: #0000ff; font-family: Arial;\"><strong>A<\/strong><span style=\"font-size: medium;\">usfahrt Bruchsal Richtung Germersheim  (B35).<\/span><\/span><\/p>\n<p><span style=\"color: #0000ff; font-family: Arial; font-size: medium;\">\u00dcber Graben Neudorf auf die B36 Richtung  Karlsruhe.<\/span><\/p>\n<p><span style=\"color: #0000ff; font-family: Arial; font-size: medium;\">2. Ausfahrt nach Linkenheim<\/span><\/p>\n<p><span style=\"color: #0000ff; font-family: Arial; font-size: medium;\">Im Ort Linkenheim den\u00a0 Ortshinweistafeln  Richtung Gr\u00fcndel bzw. dem SCLH-Emblem folgen.<\/span><\/p>\n<p>&nbsp;<\/p>\n<p><a href=\"http:\/\/projekt.cms2.sclh.de\/wp-content\/uploads\/2011\/05\/Karte-Anf.-Nord.gif\"><img loading=\"lazy\" decoding=\"async\" class=\"aligncenter size-full wp-image-1566\" title=\"Karte-Anf.-Nord\" src=\"http:\/\/projekt.cms2.sclh.de\/wp-content\/uploads\/2011\/05\/Karte-Anf.-Nord.gif\" alt=\"\" width=\"770\" height=\"500\" srcset=\"https:\/\/sclh.de\/wp-content\/uploads\/2011\/05\/Karte-Anf.-Nord.gif 770w, https:\/\/sclh.de\/wp-content\/uploads\/2011\/05\/Karte-Anf.-Nord-300x194.gif 300w\" sizes=\"auto, (max-width: 770px) 100vw, 770px\" \/><\/a><\/p>\n<p>&nbsp;<\/p>\n<p><span style=\"text-decoration: underline;\"><strong><span style=\"color: #0000ff; font-family: Arial; font-size: large;\">Anfahrt\u00a0 aus Richtung S\u00fcden (A5,  A8) \u00fcber Autobahndreieck Karlsruhe<\/span><\/strong><\/span><\/p>\n<p><span style=\"color: #0000ff; font-family: Arial; font-size: medium;\">1 km nach dem Autobahndreieck Karlsruhe die  Ausfahrt Karlsruhe Mitte benutzen, Richtung Landau (B10)<\/span><\/p>\n<p><span style=\"color: #0000ff; font-family: Arial; font-size: medium;\">Nach ca. 7 km Abfahrt in Richtung Mannheim (  B36).<\/span><\/p>\n<p><span style=\"color: #0000ff; font-family: Arial; font-size: medium;\">Nach ca. 8 km\u00a0 Ausfahrt Linkenheim.<\/span><\/p>\n<p><span style=\"color: #0000ff; font-family: Arial; font-size: medium;\">Im Ort Linkenheim den\u00a0 Ortshinweistafeln  Richtung Gr\u00fcndel bzw. dem SCLH-Emblem folgen.<\/span><\/p>\n<p>&nbsp;<\/p>\n<p><a href=\"http:\/\/projekt.cms2.sclh.de\/wp-content\/uploads\/2011\/05\/Karte-Anf.-Sued.gif\"><img loading=\"lazy\" decoding=\"async\" class=\"aligncenter size-full wp-image-1565\" title=\"Karte-Anf.-Sued\" src=\"http:\/\/projekt.cms2.sclh.de\/wp-content\/uploads\/2011\/05\/Karte-Anf.-Sued.gif\" alt=\"\" width=\"770\" height=\"500\" srcset=\"https:\/\/sclh.de\/wp-content\/uploads\/2011\/05\/Karte-Anf.-Sued.gif 770w, https:\/\/sclh.de\/wp-content\/uploads\/2011\/05\/Karte-Anf.-Sued-300x194.gif 300w\" sizes=\"auto, (max-width: 770px) 100vw, 770px\" \/><\/a><\/p>\n<p>&nbsp;<\/p>\n<p>&nbsp;<\/p>\n","protected":false},"excerpt":{"rendered":"<p>Anfahrt mit der Stra\u00dfenbahn (S1,S11) aus Richtung\u00a0Karlsruhe Haltestelle &#8218;Linkenheim Rathaus&#8216; aussteigen. Von hier Richtung B\u00fcrgerhaus zum Gewerbegebiet &#8218;Gr\u00fcndel&#8216;, Fu\u00dfweg ca.&hellip;<\/p>\n","protected":false},"author":1,"featured_media":0,"parent":169,"menu_order":3,"comment_status":"closed","ping_status":"closed","template":"","meta":{"footnotes":""},"class_list":["post-1559","page","type-page","status-publish","hentry"],"_links":{"self":[{"href":"https:\/\/sclh.de\/index.php?rest_route=\/wp\/v2\/pages\/1559","targetHints":{"allow":["GET"]}}],"collection":[{"href":"https:\/\/sclh.de\/index.php?rest_route=\/wp\/v2\/pages"}],"about":[{"href":"https:\/\/sclh.de\/index.php?rest_route=\/wp\/v2\/types\/page"}],"author":[{"embeddable":true,"href":"https:\/\/sclh.de\/index.php?rest_route=\/wp\/v2\/users\/1"}],"replies":[{"embeddable":true,"href":"https:\/\/sclh.de\/index.php?rest_route=%2Fwp%2Fv2%2Fcomments&post=1559"}],"version-history":[{"count":9,"href":"https:\/\/sclh.de\/index.php?rest_route=\/wp\/v2\/pages\/1559\/revisions"}],"predecessor-version":[{"id":2270,"href":"https:\/\/sclh.de\/index.php?rest_route=\/wp\/v2\/pages\/1559\/revisions\/2270"}],"up":[{"embeddable":true,"href":"https:\/\/sclh.de\/index.php?rest_route=\/wp\/v2\/pages\/169"}],"wp:attachment":[{"href":"https:\/\/sclh.de\/index.php?rest_route=%2Fwp%2Fv2%2Fmedia&parent=1559"}],"curies":[{"name":"wp","href":"https:\/\/api.w.org\/{rel}","templated":true}]}}