{"id":179,"date":"2010-10-11T09:22:07","date_gmt":"2010-10-11T09:22:07","guid":{"rendered":"http:\/\/projekt.cms2.sclh.de"},"modified":"2024-07-19T12:49:07","modified_gmt":"2024-07-19T12:49:07","slug":"die-geschichte-des-vereins","status":"publish","type":"page","link":"https:\/\/sclh.de\/?page_id=179","title":{"rendered":"unsere Geschichte"},"content":{"rendered":"<p>&nbsp;<\/p>\n<p><span style=\"color: #000000;\">Die Geschichte des Vereins<\/span><\/p>\n<p><span style=\"color: #000000;\">Der Anfang<\/span><\/p>\n<p><span style=\"color: #000000;\">1967 entschlossen sich vier junge M\u00e4nner aus der Gemeinde Linkenheim, sich ein Segelboot selbst zu bauen. F\u00fcr den Eigenbau wurde die nationale Korsarjolle ausgew\u00e4hlt.<\/span><\/p>\n<p><span style=\"color: #000000;\">Nachdem diese vier Segelboote erfolgreich &#8211; wenn auch etwas schwergewichtig &#8211; fertiggestellt waren, gr\u00fcndeten diese vier und drei weitere Segelfreunde am 9. M\u00e4rz 1969 den Segel Club Linkenheim (SCLH) und lie\u00dfen ihn mit Clubwappen beim Deutschen Seglerverband und im Vereinsregister eintragen.<br \/>\nZwei Korsarjollen sind aus diesen Anf\u00e4ngen erhalten und segeln heute noch auf den Seen unserer Region.<\/span><\/p>\n<p><span style=\"color: #000000;\">Der Aufbau<\/span><\/p>\n<p><span style=\"color: #000000;\">Das erste Revier war der Baggersee Streitk\u00f6pfle.<\/span><\/p>\n<p><span style=\"color: #000000;\">Nachdem die ersten Segelboote auf dem See erschienen, kamen weitere Interessenten mit ihren Booten zu dem Linkenheimer Verein &#8211; einem noch kleinen, kameradschaftlichen Kreis Gleichgesinnter.<br \/>\nEs wurde improvisiert und gebaut, zun\u00e4chst ein Bootssteg und eine Slipanlage.<br \/>\nDie ersten Regatten wurden gesegelt.<\/span><\/p>\n<p><span style=\"color: #000000;\">Die Ausbildung<\/span><\/p>\n<p><span style=\"color: #000000;\">In den siebziger Jahren wurden zahlreiche Mitglieder sowie G\u00e4ste aus benachbarten Vereinen im Rahmen der Vereinsarbeit beim Segel Club Linkenheim ausgebildet.<br \/>\nSo wurden die Voraussetzungen f\u00fcr einen geregelten Regattaablauf und f\u00fcr das Chartern von Yachten geschaffen.<\/span><\/p>\n<p><span style=\"color: #000000;\">Die Reviere<\/span><\/p>\n<p><span style=\"color: #000000;\">Eine Fahrt mit sieben Segelbooten und einem Motorboot 1972 zum Gardasee war der Beginn einer intensiven Reiset\u00e4tigkeit zu fremden Revieren. Es folgten Reisen mit gecharterten Yachten nach Jugoslawien, in die Niederlande, an die Mittelmeerk\u00fcsten Spaniens und Frankreichs sowie zu den Inseln Elba, Korsika, Malta und Sizilien.<br \/>\nHeute sind der Atlantik, die Karibik und S\u00fcdostasien Reviere, die von unseren Mitgliedern auf Charteryachten oder an Bord von Dreimast-Rahseglern befahren werden.<\/span><\/p>\n<p><span style=\"color: #000000;\">Die Jugend<\/span><\/p>\n<p><span style=\"color: #000000;\">Durch gl\u00fcckliche Umst\u00e4nde kam es zu einer Zusammenarbeit mit dem Segel Club Linkenheim und der Grund- und Hauptschule Linkenheim, welche &#8218;Segeln&#8216; als Arbeitsgemeinschaft anbot.<br \/>\nGemeinsam wurde der Unterricht mit Theorie in der Schule und Segelpraxis auf den von unseren Mitgliedern zur Verf\u00fcgung gestellten Booten durchgef\u00fchrt. Ein Freundeskreis der Schule stellte nach und nach die ben\u00f6tigte Ausr\u00fcstung zur Verf\u00fcgung.<\/span><\/p>\n<p><span style=\"color: #000000;\">H\u00f6hepunkte der Ausbildung waren Jugendt\u00f6rns in Holland und in Spanien.<\/span><\/p>\n<p><span style=\"color: #000000;\">Aus dieser Arbeitsgemeinschaft entwickelte sich die Jugendabteilung des SCLH.<br \/>\nHeute stehen f\u00fcr die Jugendarbeit vereinseigene Boote zur Verf\u00fcgung.<\/span><\/p>\n<p><span style=\"color: #000000;\">Unser heutiges Domizil<\/span><\/p>\n<p><span style=\"color: #000000;\">1975 zog der Verein auf ein Gel\u00e4nde am Baggersee Rohrk\u00f6pfle. Ein gr\u00f6\u00dferer, offenliegender See stand nun f\u00fcr die sportlichen Aktivit\u00e4ten zur Verf\u00fcgung.<\/span><\/p>\n<p><span style=\"color: #000000;\">1997 fand der Umzug auf das von der Gemeinde geplante und erschlossene Freizeitgel\u00e4nde am oberen Ende des Baggersees Rohrk\u00f6pfle statt.<\/span><\/p>\n<p><span style=\"color: #000000;\">Hier steht das Vereinsheim mit Jugendr\u00e4umen, das in sechsj\u00e4hriger Bauzeit von den Mitgliedern haupts\u00e4chlich in Eigenarbeit errichtet wurde.<\/span><\/p>\n<p><span style=\"color: #000000;\">Ein weithin sichtbarer Leuchtturm &#8211; dem einzigen hier im Binnenland- zeigt dem Besucher den Weg zum Segel Club Linkenheim.<\/span><\/p>\n<p><span style=\"color: #000000;\">Aus den anf\u00e4nglich kleineren Segeljollen ist eine stattliche Flotte von VARIANTA Segelyachten geworden. Der Segel Club Linkenheim ist heute im s\u00fcddeutschen Raum einer der flottenst\u00e4rksten Vereine dieser Bootsklasse. Ranglistenregatten mit gro\u00dfer ausw\u00e4rtiger Beteiligung sind seit Jahren ein sportlicher H\u00f6hepunkt in den Aktivit\u00e4ten des Vereins.<\/span><\/p>\n<p>&nbsp;<\/p>\n<p><strong>weitere historische Momente: <\/strong><\/p>\n<p>3. Hafenfest bitte lesen Sie!!!!<\/p>\n<p><a href=\"http:\/\/projekt.cms2.sclh.de\/wp-content\/uploads\/2010\/10\/Ein-kleiner-R\u00fcckblick-in-die-Geschichte-des-Segel-Clubs-Linkenheim.pdf\">Ein kleiner R\u00fcckblick in die Geschichte des Segel Clubs Linkenheim<\/a><\/p>\n<p><a href=\"http:\/\/projekt.cms2.sclh.de\/wp-content\/uploads\/2010\/10\/Flyer-Seite-1-Hafenfest-2009.pdf\">Flyer Seite 1 Hafenfest 2009<\/a><\/p>\n<p>55 Jahre Vereinsgeschichte<br \/>\neinige Gedanken dazu von<br \/>\nGr\u00fcndungsmitglied und Ehrenmitglied Herbert Ferch<\/p>\n<p>Zur Vereinsgeschichte des SCLH muss man nur mit offenen Augen \u00fcber unser Vereinsgel\u00e4nde gehen.<br \/>\nGemeinsam m\u00f6chten wir das tun und ich beginne unseren<br \/>\n\u201evirtuellen Rundgang\u201c am Eingang zu unserem Clubhaus:<\/p>\n<p>Dort befindet sich der Bug meiner Segeljolle \u201eKorsar\u201c und der Anfang unseres Vereins. In den 1960-er Jahren bauten sich vier junge M\u00e4nner Segelboote vom Typ \u201eKorsar\u201c und als sie fertig waren, brauchten sie Liegepl\u00e4tze. Dies erreicht man am besten \u00fcber einen Verein.<\/p>\n<p>1969 erfolgte der Antrag. Am Clubhaus best\u00e4tigt der von mir entworfenen \u201cClubstander\u201c weit sichtbar unseren Segelverein SCLH<\/p>\n<p>Wir gehen weiter auf unser Clubgel\u00e4nde Richtung Bootssteg.<br \/>\nEin Bootssteg wurde gebraucht und zwar nicht am heutigen Baggersee, sondern am Streitk\u00f6pfle-See. Dort mussten wir dreimal mit unserem Steg umziehen, genauer gesagt, wir wurden immer vertrieben,<br \/>\nund einmal s\u00e4gte man unseren Steg, samt Booten, in drei Teile.<br \/>\n1975 mussten wir wieder mit dem Steg umziehen, jetzt an den R\u00f6hrk\u00f6pfle-See an die S\u00fcd-West-Seite.<\/p>\n<p>Wir gehen weiter auf unserem Gel\u00e4nde in Richtung \u201eGer\u00e4teh\u00fctte\u201c.<br \/>\nSie diente an unserm neuen Platz als \u201eoffener Unterstand\u201c und wurde bei Regatten und Veranstaltung intensiv genutzt. Der Unterstand sollte durch die \u201eWabe Ferch\u201c &#8211; sechseckige R\u00e4ume und \u00fcberdachte Freifl\u00e4chen &#8211; erg\u00e4nzt werden. Doch dazu kam es nicht.<\/p>\n<p>Anfang der 1990-er Jahre erhielten wir von der Gemeinde unser heutiges \u201eClubgel\u00e4nde\u201c.<br \/>\nIch denke noch heute an den spektakul\u00e4ren Umzug von \u201eUnterstand\u201c und \u201eSteg\u201c mittels einer Schute \u00fcber den Rohrk\u00f6pfle-See.<br \/>\nEndlich \u201enach \u00fcber 20 Jahren waren wir angekommen und akzeptiert\u201c.<br \/>\nEine neue \u00c4ra begann.<\/p>\n<p>Wir stellen uns jetzt vor, wir stehen mitten auf unserem Clubgel\u00e4nde, nur eine Wiese, die wir bebauen m\u00fcssen.<\/p>\n<p>Es begann ein Ideenwettbewerb:<br \/>\nDie einen wollten einen \u201eZweckbau\u201c abf\u00e4llig \u201eSchuhschachtel\u201c,<br \/>\ndie anderen ein \u201emaritimes Geb\u00e4ude\u201c provokativ \u201eVilla am See\u201c genannt.<br \/>\nBeide Vorschl\u00e4ge polarisierten die Mitglieder.<\/p>\n<p>Mit Unterst\u00fctzung einer kleinen Gruppe legte ich einen Entwurf vor,<br \/>\n\u201eMaritimes Geb\u00e4ude\u201c mit der Option f\u00fcr einen \u201eLeuchtturm\u201c<br \/>\nMein Entwurf wurde angenommen, die Baugenehmigung erfolgte 1993<\/p>\n<p>Die Folge:<br \/>\nEs kam zu Austritten auf der einen Seite und einer nicht zu erwartenden Mitwirkung beim Bauen auf der anderen Seite. Mitglieder, Familie, Kinder, Freunde, Bekannte, ein gro\u00dfer intensiver Zusammenhalt,<br \/>\nalle schufteten bis 1999 das Clubhaus endlich eingeweiht werden konnte.<\/p>\n<p>Zu erw\u00e4hnen ist die gro\u00dfz\u00fcgige, finanzielle Unterst\u00fctzung der Gemeinde, sodass wir ohne Fremdkapital auskommen konnten.<\/p>\n<p>Bei der Einweihungsfeier am 10. Juli 1999 durfte ich als Planfertiger den Festvortrag halten.<br \/>\nIch zitiere daraus:<br \/>\n\u2022 Nicht nur ein Haus<br \/>\nsondern eine Begegnungsst\u00e4tte mit maritimem Flair<br \/>\n\u2022 Unser \u201eLeuchtturm\u201c ist zwar nicht so gro\u00df wie der \u201eEiffelturm\u201c<br \/>\n\u2022 nicht so ber\u00fchmt wie der \u201eTurmbau zu Babel\u201c und bei weitem nicht so bekannt wie der \u201eschiefe Turm von Pisa\u201c aber<br \/>\ner ist der einzige Leuchtturm in der S\u00fcdregion von Deutschland<\/p>\n<p>Jahre sp\u00e4ter stehen wir wieder, mitten auf unserem Clubgel\u00e4nde, und blicken in Richtung Clubhaus<\/p>\n<p>Unser Clubhaus steht auf einem Plateau, vorne die Mole, darauf der Flaggenmast, dahinter das Clubhaus mit dem umlaufenden Balkon und dem Leuchtturm in den Farben vom \u201cRoten Sand\u201c,<br \/>\ndem Leuchtturm in der Weserm\u00fcndung.<\/p>\n<p>Da das parallel zur Stra\u00dfe verlaufende \u201eBaufenster\u201c keinen ausreichenden Seeblick zulie\u00df, habe ich die Hausfront so ver\u00e4ndert, dass ein \u201edreieckiger Clubraum\u201c mit Blick zum See entstand.<\/p>\n<p>Wir beenden unseren \u201evirtuellen Rundgang\u201c und betreten den Clubraum im Geb\u00e4ude<br \/>\nDer erste Blick f\u00e4llt auf die Theke mit dem dar\u00fcber liegenden \u201eSchiffsrumpf mit Takelage\u201c. Sehr eigenwillig im Clubraum ist auch der durch den Leuchtturm entstandene \u201eErker\u201c, der als \u201eNiedergang\u201c eines Schiffes ausgebaut wurde.<\/p>\n<p>2016 habe ich eine \u201eStander-Galerie\u201c an der Seeseite im Clubraum angebracht. Sie soll den Seglern, die fremde Reviere bereisen, eine M\u00f6glichkeit bieten, ihre Erlebnisse an die heimischen Segler weiter zu geben. Daf\u00fcr gibt es das \u201eStander-Buch\u201c mit den Berichten, das sich links neben dem Niedergang befindet.<\/p>\n<p>Ein Blick aus dem Fenster zum Baggersee gibt den Weg frei<br \/>\nf\u00fcr die letzte wichtige Investition des SCLH, die \u201eKrananlage\u201c.<br \/>\nDaf\u00fcr wurde 2010 der Antrag auf Genehmigung erstellt und die Anlage wurde, wie gewohnt, in \u201eEigenarbeit\u201c erstellt.<\/p>\n<p>Heute gilt also: Das Geschaffene pflegen und erhalten<\/p>\n<p>Am Schluss noch einiges aus meinem Seglerleben.<br \/>\nvon 1968 bis 1988 etwa 20 Jahre segelte ich mit meiner Frau<br \/>\nden Eigenbau-Korsar \u201eSphinx\u201c<\/p>\n<p>Im Mai 1997 habe ich eine Varianta gekauft, trat sofort der \u201eVarianta-Klassenvereinigung\u201c bei und kn\u00fcpfte erste Kontakte zu den Seglern nach Mannheim auf der Dordrecht.<br \/>\nInteressant: Die ersten drei Varianta\u201cs im SCLH hatten die Rumpffarben<br \/>\nwei\u00df-blau-rot, also unsere Clubfarben. Ich wertete das als gutes Omen f\u00fcr eine positive Entwicklung unserer VARIANTA &#8211; Flotte.<\/p>\n<p>In den Urlaubsmonaten von 1997 bis 2003 segelte ich und meine Frau mit der Varianta \u201eCarpe Diem\u201c auf der M\u00fcritz, der Mecklenburger Seenplatte, den Brandenburger und Berlinern Gew\u00e4sser.<br \/>\nDie Varianta ist ein faszinierendes Segelboot!<br \/>\nIch habe mehrfach an Clubabenden dar\u00fcber berichtet.<\/p>\n<p>2004 kaufte ich den hochseet\u00fcchtigen Motorsegler \u201eFinnclipper 29\u201c und lebe seither mit meiner Frau auf diesem Segelboot, der Grund weshalb wir nicht auf unserem Clubgel\u00e4nde zu sehen sind!<\/p>\n<p>Im Clubraum erinnert ein Foto meines Motorseglers an mein nunmehr<br \/>\n20.-j\u00e4hriges Leben auf dem Wasser.<\/p>\n<p><span style=\"color: #000000;\">\u00a0<\/span><\/p>\n","protected":false},"excerpt":{"rendered":"<p>&nbsp; Die Geschichte des Vereins Der Anfang 1967 entschlossen sich vier junge M\u00e4nner aus der Gemeinde Linkenheim, sich ein Segelboot&hellip;<\/p>\n","protected":false},"author":1,"featured_media":0,"parent":169,"menu_order":2,"comment_status":"closed","ping_status":"closed","template":"","meta":{"footnotes":""},"class_list":["post-179","page","type-page","status-publish","hentry"],"_links":{"self":[{"href":"https:\/\/sclh.de\/index.php?rest_route=\/wp\/v2\/pages\/179","targetHints":{"allow":["GET"]}}],"collection":[{"href":"https:\/\/sclh.de\/index.php?rest_route=\/wp\/v2\/pages"}],"about":[{"href":"https:\/\/sclh.de\/index.php?rest_route=\/wp\/v2\/types\/page"}],"author":[{"embeddable":true,"href":"https:\/\/sclh.de\/index.php?rest_route=\/wp\/v2\/users\/1"}],"replies":[{"embeddable":true,"href":"https:\/\/sclh.de\/index.php?rest_route=%2Fwp%2Fv2%2Fcomments&post=179"}],"version-history":[{"count":13,"href":"https:\/\/sclh.de\/index.php?rest_route=\/wp\/v2\/pages\/179\/revisions"}],"predecessor-version":[{"id":70105,"href":"https:\/\/sclh.de\/index.php?rest_route=\/wp\/v2\/pages\/179\/revisions\/70105"}],"up":[{"embeddable":true,"href":"https:\/\/sclh.de\/index.php?rest_route=\/wp\/v2\/pages\/169"}],"wp:attachment":[{"href":"https:\/\/sclh.de\/index.php?rest_route=%2Fwp%2Fv2%2Fmedia&parent=179"}],"curies":[{"name":"wp","href":"https:\/\/api.w.org\/{rel}","templated":true}]}}